/(3 - 6) - -25?
True
Suppose -18*m + 1130 = -9886. Is m a multiple of 38?
False
Suppose -z + 5*o + 24 = 0, -3*o - 120 = -5*z - 2*o. Suppose -4*u = -5*u + z. Does 4 divide u?
True
Let w(b) = -3*b**3 - 25*b**2 - 59*b + 3. Is 3 a factor of w(-5)?
True
Let t(a) = -2*a**3 + 20*a**2 - 9*a - 5. Suppose 50 = 8*n - 14. Does 21 divide t(n)?
False
Let p(o) = -o + 1. Let f be (-3 - -3) + (5 - 3). Let z be p(f). Is 13 a factor of ((-156)/(-60))/(z/(-5))?
True
Is 3 + 477 + 0*(-2)/6 a multiple of 12?
True
Suppose -5*w = 3499 - 13729. Does 66 divide w?
True
Is 103 - (2/9 - 850/(-225)) a multiple of 42?
False
Is 19 a factor of (-1)/(-8) + (-4904535)/(-1480)?
False
Suppose -2*j + 4*a - 3 = -1, 3*a + 1 = 2*j. Let c = j - 13. Let x(d) = d**3 + 8*d**2 + 11. Is 11 a factor of x(c)?
True
Let g(v) = 8*v**3 - v**2 + v + 5. Let j be g(5). Suppose 0 = -6*k + 11*k - j. Let q = -133 + k. Is 16 a factor of q?
True
Let u(s) = -39*s + 682. Is 43 a factor of u(6)?
False
Suppose 72*y = 57*y + 17910. Is y a multiple of 55?
False
Let c(x) = x**3 + 2*x**2 + 3*x. Suppose 2*q = -0 - 4. Let k be c(q). Let r(g) = -g**2 - 12*g + 6. Is 13 a factor of r(k)?
False
Let p = 48 - 42. Let q(l) = -l**3 + 8*l**2 - 8*l - 3. Is q(p) a multiple of 13?
False
Let n be (2/(8/236))/1. Suppose -2*p - 14 = -s + 17, -s = 4*p + n. Does 8 divide 3/p + 378/15?
False
Suppose -4*k = -7*k - 39. Let c be k + 1 + 5 + -8. Does 10 divide 3/c - 924/(-20)?
False
Let f = 4970 - 2046. Does 34 divide f?
True
Let o(m) = -m**3 - 6*m**2 - 11*m - 15. Is 13 a factor of o(-5)?
False
Let c be (-1*2)/((-16)/192). Let p = -17 + c. Let j = p + 7. Is 7 a factor of j?
True
Suppose 0 = -3*p - 3 + 21. Let f be (6 + -3)/9*p. Suppose -f*o = -0*a - 2*a + 16, a - 4 = -o. Is 4 a factor of a?
False
Suppose 0 = 5*f + 4*m - 2, -3*m + 1 = -8. Let b be f + (-1 - -51 - 0). Suppose 0 = -5*a + 7 + b. Is 4 a factor of a?
False
Let t be (-1 + 4/3)*18. Suppose 0 = 3*z - t - 30. Let r(f) = f**2 - 11*f + 15. Is r(z) a multiple of 9?
True
Let q be (4/(-6))/((-2)/15). Suppose -3*y = i - y - 21, q*i - 112 = -3*y. Does 6 divide i?
False
Let a(s) = 48*s**2 - 36*s. Let z(q) = -7*q**2 + 5*q. Let p(h) = 4*a(h) + 27*z(h). Suppose -2*c + 5*l - 21 = 2*c, 2*c - 3*l + 11 = 0. Is p(c) a multiple of 21?
True
Let w(z) be the third derivative of 0*z - 5*z**2 + z**3 + 1/4*z**4 + 0 - 1/60*z**5. Does 4 divide w(6)?
False
Let c(y) = 8*y**2 - 275*y - 22. Is 22 a factor of c(37)?
False
Let t(s) = s**3 + 13*s**2 + 21*s + 25. Let i be (-11)/(1 + (-3 - -4) - 1). Is t(i) a multiple of 3?
True
Let z = 30 + -2. Is z a multiple of 14?
True
Let l(p) = 6*p**2 - 2*p - 141. Does 10 divide l(-16)?
False
Suppose 2*g - 17 + 51 = 0. Let z = 266 + -294. Let s = g - z. Is 11 a factor of s?
True
Let j(q) = 8*q**2 - q - 1. Is 52 a factor of j(-6)?
False
Suppose -40*w - 584 = -48*w. Let f = w + -5. Does 17 divide f?
True
Suppose 0 = j - 2*j - 5, -c = 2*j - 2506. Is c a multiple of 68?
True
Let u(z) = -z. Let h(x) = -x + 11. Let w be h(8). Let d(p) = p**3 + 5*p**2 - 5*p - 5. Let i(q) = w*u(q) + d(q). Is i(-6) a multiple of 2?
False
Suppose 0 = -4*m - m. Suppose m = 2*b + 2*b - 168. Does 5 divide 6/(-24) - b/(-8)?
True
Suppose -5*f = 56 - 241. Does 8 divide (-1)/((4/f)/(-4))?
False
Suppose 4*o = 3*o + 2. Let q = -89 + 90. Suppose -5*h = -4*y + 82, 49 = 3*y + o*h - q. Is 9 a factor of y?
True
Suppose -1 = -4*h - 3*a + 4*a, 4*h = -a - 1. Suppose -3*u = u + 4*b, 4*b = -16. Suppose -5*v + 5*k + 245 = h, u*k - 78 - 83 = -3*v. Is v a multiple of 17?
True
Suppose -3*k - 3*y + 839 = -622, 462 = k - 4*y. Is 9 a factor of k?
False
Let i = -147 + -1. Suppose 0 = -k + 4 - 1. Is (k/(3/i))/(-2) a multiple of 19?
False
Suppose -8*j = -2929 - 1007. Does 6 divide j?
True
Let c(a) = -59*a - 68. Is 13 a factor of c(-12)?
False
Suppose 2*w - f - 377 = 0, 3*w - 5*w + 374 = 2*f. Suppose w = 8*b - 92. Is 11 a factor of b?
False
Let l(v) = v**2 + 14*v - 7. Let f be l(-20). Let h = f - 70. Does 11 divide h?
False
Suppose 4*t = -4*d + 4572, 4*t = -3*d + 27 + 3405. Is d a multiple of 95?
True
Let y(s) = 11*s - 23. Is y(13) a multiple of 15?
True
Is ((-8)/((-128)/984))/((-3)/(-10)) a multiple of 8?
False
Is 5 a factor of ((-9162)/(-45))/((-12)/(-10) - 1)?
False
Suppose 3*s + 3*k = 168, -s - k = s - 112. Suppose 43 = -3*n - s. Let i = n + 53. Is 4 a factor of i?
True
Let k = -721 - -2115. Does 41 divide k?
True
Let k be -10 + (3 - 2) + -1. Let g be 66/(-10) + 4/k. Is 6 a factor of ((-18)/g)/(9/42)?
True
Let u(w) = w**2 - w - 10. Let t(p) = 2*p. Let l be t(-2). Does 10 divide u(l)?
True
Let w(u) = 34*u**2 - 7. Let h(v) = -v**2 - 1. Let g(o) = -6*h(o) + w(o). Suppose 0 = 15*l - 9 + 24. Does 10 divide g(l)?
False
Let x = 204 + 328. Does 76 divide x?
True
Is -40*8/(360/(-81)) even?
True
Let n be 78/18 - 1/3. Suppose -2*x + n = 5*y, -2*y + 5 = 3*x - 1. Suppose -8 = x*l, -4*b - 2*l = -2*b - 68. Does 8 divide b?
False
Suppose v + 216 = -m - 3*m, -4*m + 2*v = 204. Let p = 109 + m. Is p a multiple of 7?
True
Let c(b) = 2*b**2 + 17*b + 13. Let a be c(-7). Let g = a - -22. Is 12 a factor of g?
False
Let t(b) = 3*b. Let i be t(-1). Let h be 2/(8/12) + i. Suppose c - 2 = 0, h*c = 4*q + 5*c - 194. Is 23 a factor of q?
True
Let k(t) = -t**2 + 6*t - 5. Let g be k(5). Suppose 5*m - 190 - 88 = -3*j, g = 2*m + 4. Does 24 divide j?
True
Suppose -2*q + 3*q - 6 = 0. Let t(g) = -27*g - 1. Let a be t(q). Let d = -93 - a. Is d a multiple of 11?
False
Let h be (-60)/(-8) - (-1)/(-2). Suppose h*m = 2*m. Suppose 2*g - 4*g + 46 = m. Is 23 a factor of g?
True
Suppose 2 = 4*x - 6, 4*f - 2*x - 96 = 0. Let c(u) = 19*u**3 - 7*u**2 + 11*u - 4. Let p be c(1). Let g = f - p. Is 6 a factor of g?
True
Let p(l) = 110*l - 16. Is p(12) a multiple of 98?
False
Suppose -3*r = 4*p - 2309, 0 = -5*p + 3*p + 4*r + 1182. Does 27 divide p?
False
Does 10 divide (-365)/(-4) + -4 + 7/(-28)?
False
Is 76 a factor of 9 + (1 + 3 - -291)?
True
Let a(y) = y**2 + 5*y - 4. Let h be a(-6). Suppose 4*o - 3*o = -h*t + 3, 2*o = t - 9. Suppose -2 = n + 5*m - 3, -t*m = -3*n + 93. Is 15 a factor of n?
False
Let b = 59 - -103. Does 27 divide b?
True
Let n(f) = f**2 - 7*f - 8. Does 25 divide n(30)?
False
Let u(c) = 20*c + 1. Let f be u(-1). Let g = f + 28. Suppose 0 = -g*h + 10*h - 32. Does 14 divide h?
False
Let g(l) = l**3 - 8*l**2 + l + 3. Let d be g(6). Let m = 69 + d. Is m a multiple of 6?
True
Let a = -25 - -29. Suppose 1 = -5*c - a. Is c - (-6 + 2) - -51 a multiple of 16?
False
Let y(u) = -4*u**2 + u**3 - 2 - 6 + 13 + 3*u - 9. Let v be y(4). Is 33 a factor of (-64)/(-2) - (-8)/v?
True
Let f(v) = -2*v + 15. Let q be f(5). Suppose 12*p - 336 = q*p. Is 28 a factor of p?
False
Suppose 5*v = 43 + 17. Let m be -188*(-1)/((-16)/v). Let d = m - -213. Is 12 a factor of d?
True
Let c be (3/4)/(1/4). Let v = 2210 + -2205. Suppose w - 2*s - c - 11 = 0, v*s + 41 = 3*w. Is w a multiple of 6?
True
Let z = -1577 - -1724. Is z a multiple of 3?
True
Let r(u) = 2*u**2 + 5. Let m(t) = -t**2 - 1. Let y(q) = -6*m(q) - r(q). Let a be y(-1). Suppose -622 = -a*w + 3*g, 5*w + 2*g + 2*g = 594. Is 33 a factor of w?
False
Let u = -119 - -51. Suppose 3*p + 98 = -1. Let m = p - u. Is m a multiple of 26?
False
Let y(g) = 20*g + 24. Let t(v) = -21*v - 24. Let d(w) = -5*t(w) - 6*y(w). Is d(-13) a multiple of 19?
True
Let m(w) = w**2 - w. Let l(n) = -2*n**2 - 11*n + 12. Let r(p) = -l(p) - 3*m(p). Let y = 4 - -2. Does 12 divide r(y)?
True
Let g(f) = f + 18. Let z be g(0). Suppose z*u - 22*u + 8 = 0. Suppose -r = 4*r + 5*k - 245, u*k - 190 = -4*r. Is r a multiple of 23?
True
Let v(f) = 8*f + 3. Let u(t) = -2 + 5 + 1 + 17*t - 8*t. Let r(i) = -4*u(i) + 5*v(i). Is 7 a factor of r(2)?
True
Suppose -2*f = 2*d - 12, -3*f - 4 = -3*d + f. Suppose -d*k + 41 = -3. Is k a multiple of 8?
False
Let t = -219 + 207. Let w be 2/6 - 140/6. Let m = t - w. Is 11 a factor of m?
True
Let t be 2 - ((-28)/2)/2. Suppose 2*k - f = 27, k - 2*f = -0*k + t. Is 3 a factor of k?
True
Let a(f) = -12*f**3 + f**2 - f - 5. Does 5 divide a(-3)?
False
Let i = -601 - -3191. Does 7 divide i?
True
Let t be -1*(-2 + 0/(-1)). Suppose 0 = 5*b - t*r - 20, b = r + 1 + 3. Suppose 2*s + b*z - 26 = 0, -2*s + 0*s + 32 = -2*z. Is s a multiple of 12?
False
Let d be (-14)/(-35) - ((-128)/10)/(-2). Is 15 a factor of (-3)/d - (-537)/6?
True
Let m = -131 - -341. Is 21